55 and 133350.
4445
Calculate the greatest common divisor of 337 and 8150682.
337
What is the greatest common divisor of 1155056 and 24304?
112
What is the highest common divisor of 17465 and 31290?
35
Calculate the greatest common factor of 12080 and 3637510.
10
Calculate the greatest common divisor of 115644 and 47748.
276
What is the highest common divisor of 18120 and 784236?
12
What is the highest common divisor of 232 and 7606352?
232
What is the greatest common divisor of 2 and 80772476?
2
What is the highest common divisor of 18092 and 321133?
4523
What is the greatest common factor of 47424 and 52098?
114
What is the highest common factor of 97576738 and 3620?
362
What is the highest common divisor of 12140872 and 552?
184
Calculate the greatest common divisor of 1993469 and 9659.
743
What is the highest common divisor of 1118042111 and 68?
17
What is the highest common divisor of 2586535 and 385?
35
Calculate the highest common divisor of 3813 and 72476233.
1271
What is the highest common divisor of 9108 and 5388164?
92
Calculate the greatest common divisor of 656050806 and 108.
54
Calculate the highest common divisor of 41 and 318611.
41
Calculate the highest common divisor of 129 and 22542879.
129
Calculate the greatest common divisor of 11506211 and 752.
47
What is the greatest common factor of 1383 and 335833429?
461
Calculate the greatest common divisor of 387809 and 35549.
19
What is the highest common divisor of 1203 and 6940909?
401
Calculate the highest common factor of 4550 and 1042790.
70
What is the highest common factor of 4845806 and 294?
98
What is the highest common divisor of 22 and 143098670?
22
What is the greatest common factor of 1370466 and 137022?
246
What is the greatest common divisor of 1 and 166727898?
1
What is the greatest common divisor of 186 and 39462?
6
Calculate the highest common divisor of 1920870 and 8190.
630
Calculate the highest common divisor of 4 and 146808692.
4
What is the greatest common divisor of 7975198 and 2310?
154
Calculate the highest common divisor of 482329 and 94643.
31
What is the greatest common factor of 1346742 and 2967?
69
Calculate the highest common factor of 10190408 and 894.
298
What is the greatest common divisor of 48 and 9711696?
48
Calculate the highest common factor of 387234 and 657207.
2727
Calculate the highest common factor of 71068 and 2712972.
652
Calculate the highest common factor of 2387 and 181566.
77
What is the greatest common factor of 84 and 5376396?
12
Calculate the highest common factor of 44562 and 2226.
42
Calculate the greatest common divisor of 49 and 196952.
7
What is the greatest common factor of 38969 and 61195687?
2051
What is the greatest common factor of 2074424 and 2200?
88
Calculate the greatest common factor of 120 and 10894710.
30
What is the highest common divisor of 1918228 and 50024?
1924
Calculate the highest common factor of 207904 and 2920.
584
Calculate the greatest common factor of 153120 and 603240.
1320
What is the greatest common factor of 142784 and 2243328?
1472
What is the greatest common factor of 364 and 3951922520?
364
What is the greatest common divisor of 7396468 and 11044?
1004
Calculate the highest common factor of 4184586 and 144.
18
What is the greatest common divisor of 92268466 and 2036?
1018
What is the greatest common factor of 50110867 and 9718?
4859
Calculate the highest common factor of 1571220 and 8514.
774
What is the highest common divisor of 15657 and 37761000?
921
Calculate the greatest common factor of 160 and 26167936.
32
What is the greatest common divisor of 115168 and 24032?
32
What is the greatest common divisor of 2010 and 8539150?
670
Calculate the highest common divisor of 7988 and 19079338.
3994
Calculate the highest common divisor of 8601 and 2514786.
183
What is the greatest common factor of 5 and 101377045?
5
Calculate the greatest common factor of 500 and 1393120.
20
Calculate the highest common factor of 415361 and 5435733.
901
Calculate the highest common factor of 35484 and 1621212.
12
Calculate the highest common factor of 1378 and 1249352.
26
Calculate the greatest common divisor of 8450 and 770141450.
8450
What is the highest common factor of 5990139 and 23058?
1647
Calculate the greatest common factor of 2394730 and 104858.
2834
Calculate the highest common factor of 513702 and 17631.
27
Calculate the greatest common divisor of 1004707 and 264.
11
What is the highest common divisor of 24820254 and 18?
18
What is the highest common divisor of 106 and 10316927?
53
Calculate the greatest common factor of 7905 and 379905.
465
Calculate the highest common divisor of 31 and 90470183.
31
Calculate the greatest common factor of 4676 and 1025666572.
4676
Calculate the greatest common divisor of 11991356 and 12084.
4028
What is the highest common divisor of 47775 and 919800?
525
Calculate the highest common factor of 1457 and 632354027.
1457
What is the greatest common factor of 452 and 39511919?
113
What is the highest common divisor of 17666 and 12539648?
1606
Calculate the greatest common divisor of 1021624 and 400.
8
Calculate the highest common divisor of 429702 and 73983.
273
What is the greatest common divisor of 1022765 and 190?
5
Calculate the greatest common divisor of 70 and 542930.
10
What is the highest common divisor of 34 and 369979806?
34
Calculate the highest common factor of 155618815 and 11.
11
What is the highest common factor of 997373 and 117?
13
What is the highest common factor of 33947086 and 2168?
542
Calculate the highest common divisor of 1096365 and 30.
15
What is the highest common factor of 620 and 192908164?
124
Calculate the highest common factor of 5490340 and 80.
20
What is the greatest common divisor of 42295 and 102685?
55
What is the greatest common divisor of 578236572 and 1908?
1908
What is the greatest common factor of 405 and 2627820?
45
Calculate the highest common factor of 583542448 and 7484.
7484
What is the greatest common factor of 57285 and 8710?
335
What is the highest common divisor of 30527070 and 595?
595
What is the greatest common factor of 173595233 and 19775?
791
What is the highest common factor of 60 and 7667130?
30
What is the greatest common factor of 45257211 and 972?
81
Calculate the highest common factor of 1664532 and 36.
36
What is the highest common factor of 505631327 and 30595?
6119
Calculate the greatest common factor of 518 and 54682522.
74
What is the greatest common divisor of 107616 and 7084248?
1416
Calculate the highest common divisor of 35413 and 3717.
7
Calculate the greatest common divisor of 24580 and 4340.
20
What is the highest common divisor of 182 and 67537974?
14
Calculate the greatest common divisor of 261268 and 44970088.
5332
What is the greatest common factor of 229180 and 180740?
140
What is the greatest common factor of 8274660 and 160?
20
Calculate the highest common divisor of 742 and 3894705.
53
What is the highest common divisor of 203 and 6722693?
29
Calculate the greatest common factor of 74 and 20072315.
37
What is the greatest common divisor of 489552 and 11556?
12
What is the highest common factor of 2469894 and 1806?
42
What is the greatest common divisor of 17860244 and 354?
118
What is the greatest common factor of 718769164 and 76?
76
Calculate the greatest common factor of 156462879 and 2637.
879
What is the highest common factor of 1111 and 604807291?
1111
What is the highest common divisor of 9124 and 50129537?
2281
What is the highest common divisor of 11296 and 17800?
8
What is the highest common divisor of 81191 and 16291?
11
Calculate the highest common divisor of 18337112 and 1758.
586
What is the highest common factor of 9776806 and 65?
13
Calculate the highest common factor of 113045667 and 805.
161
Calculate the greatest common divisor of 49208592 and 1682.
1682
What is the highest common factor of 323886 and 6141?
69
What is the highest common factor of 1100 and 67700?
100
Calculate the greatest common divisor of 2265293 and 5060.
23
What is the highest common divisor of 30 and 152275210?
10
What is the highest common divisor of 6233517 and 2268?
81
Calculate the greatest common divisor of 21312 and 33478784.
2368
What is the highest common divisor of 531813 and 1614?
807
